{"id":133,"date":"2017-09-15T17:40:03","date_gmt":"2017-09-15T17:40:03","guid":{"rendered":"https:\/\/gnostx.com\/wp_gnostx\/?page_id=133"},"modified":"2024-08-21T17:23:32","modified_gmt":"2024-08-21T17:23:32","slug":"team","status":"publish","type":"page","link":"https:\/\/gnostx.com\/wp_gnostx\/about\/team\/","title":{"rendered":"Team"},"content":{"rendered":"<p>GnostX GmbH besteht aus den Mitarbeitenden und einem Partnernetz.<\/p>\n<h1>Matthias G\u00fcnter<\/h1>\n<p>CEO, Dr. phil. nat<\/p>\n<p><img loading=\"lazy\" decoding=\"async\" class=\"alignnone wp-image-141 size-medium\" title=\"Matthias G\u00fcnter\" src=\"https:\/\/gnostx.com\/wp_gnostx\/wp-content\/uploads\/2017\/09\/RWE2334-ausschnitt-2-200x300.jpg\" alt=\"Matthias G\u00fcnter\" width=\"200\" height=\"300\" srcset=\"https:\/\/gnostx.com\/wp_gnostx\/wp-content\/uploads\/2017\/09\/RWE2334-ausschnitt-2-200x300.jpg 200w, https:\/\/gnostx.com\/wp_gnostx\/wp-content\/uploads\/2017\/09\/RWE2334-ausschnitt-2-768x1154.jpg 768w, https:\/\/gnostx.com\/wp_gnostx\/wp-content\/uploads\/2017\/09\/RWE2334-ausschnitt-2-682x1024.jpg 682w, https:\/\/gnostx.com\/wp_gnostx\/wp-content\/uploads\/2017\/09\/RWE2334-ausschnitt-2.jpg 1015w\" sizes=\"auto, (max-width: 200px) 100vw, 200px\" \/><\/p>\n<p>Matthias G\u00fcnter ist seit mehr als zwanzig Jahren in der Informatik t\u00e4tig. Mehrheitlich war er in den Bereichen Projektleitung, Business Analyse, Organisationsentwicklung t\u00e4tig. Diese Projekte waren zum Teil international. Mehr als zehn Jahre leitete er eine gr\u00f6ssere Informatikabteilung mit eigener Softwareentwicklung und eigenem Rechenzentrum. Er hat an internationalen und eCH-Standards mitgearbeitet.<\/p>\n<p>eMail: gm@gnostx.ch<br \/>\nTel: 079 457 13 22<\/p>\n<h1>Simon G\u00fcnter<\/h1>\n<p>Teilhaber und Verwaltungsrat. Dr. phil nat.<\/p>\n<p>eMail: sg@gnostx.ch<\/p>\n","protected":false},"excerpt":{"rendered":"<p>GnostX GmbH besteht aus den Mitarbeitenden und einem Partnernetz. Matthias G\u00fcnter CEO, Dr. phil. nat Matthias G\u00fcnter ist seit mehr als zwanzig Jahren in der Informatik t\u00e4tig. Mehrheitlich war er in den Bereichen Projektleitung, Business Analyse, Organisationsentwicklung t\u00e4tig. Diese Projekte waren zum Teil international. Mehr als zehn Jahre leitete er eine gr\u00f6ssere Informatikabteilung mit eigener &hellip; <\/p>\n<p class=\"link-more\"><a href=\"https:\/\/gnostx.com\/wp_gnostx\/about\/team\/\" class=\"more-link\"><span class=\"screen-reader-text\">\u201eTeam\u201c <\/span>weiterlesen<\/a><\/p>\n","protected":false},"author":1,"featured_media":0,"parent":131,"menu_order":0,"comment_status":"closed","ping_status":"closed","template":"","meta":{"footnotes":""},"class_list":["post-133","page","type-page","status-publish","hentry"],"yoast_head":"<!-- This site is optimized with the Yoast SEO plugin v27.3 - https:\/\/yoast.com\/product\/yoast-seo-wordpress\/ -->\n<title>Matthias G\u00fcnter | IT Projektleitung | Business Analyse<\/title>\n<meta name=\"description\" content=\"Matthias G\u00fcnter ist seit mehr als zwanzig Jahren in der Informatik t\u00e4tig. Mehrheitlich war er in den Bereichen Projektleitung, Business Analyse, Organisationsentwicklung t\u00e4tig. Mehr als zehn Jahre leitete er eine gr\u00f6ssere Informatikabteilung mit eigener Softwareentwicklung und eigenem Rechenzentrum.\" \/>\n<meta name=\"robots\" content=\"index, follow, max-snippet:-1, max-image-preview:large, max-video-preview:-1\" \/>\n<link rel=\"canonical\" href=\"https:\/\/gnostx.com\/wp_gnostx\/about\/team\/\" \/>\n<meta property=\"og:locale\" content=\"de_DE\" \/>\n<meta property=\"og:type\" content=\"article\" \/>\n<meta property=\"og:title\" content=\"Matthias G\u00fcnter | IT Projektleitung | Business Analyse\" \/>\n<meta property=\"og:description\" content=\"Matthias G\u00fcnter ist seit mehr als zwanzig Jahren in der Informatik t\u00e4tig. Mehrheitlich war er in den Bereichen Projektleitung, Business Analyse, Organisationsentwicklung t\u00e4tig. Mehr als zehn Jahre leitete er eine gr\u00f6ssere Informatikabteilung mit eigener Softwareentwicklung und eigenem Rechenzentrum.\" \/>\n<meta property=\"og:url\" content=\"https:\/\/gnostx.com\/wp_gnostx\/about\/team\/\" \/>\n<meta property=\"og:site_name\" content=\"GnostX GmbH\" \/>\n<meta property=\"article:modified_time\" content=\"2024-08-21T17:23:32+00:00\" \/>\n<meta property=\"og:image\" content=\"https:\/\/gnostx.com\/wp_gnostx\/wp-content\/uploads\/2017\/09\/RWE2334-ausschnitt-2-200x300.jpg\" \/>\n<meta name=\"twitter:card\" content=\"summary_large_image\" \/>\n<meta name=\"twitter:label1\" content=\"Gesch\u00e4tzte Lesezeit\" \/>\n\t<meta name=\"twitter:data1\" content=\"1\u00a0Minute\" \/>\n<script type=\"application\/ld+json\" class=\"yoast-schema-graph\">{\"@context\":\"https:\\\/\\\/schema.org\",\"@graph\":[{\"@type\":\"WebPage\",\"@id\":\"https:\\\/\\\/gnostx.com\\\/wp_gnostx\\\/about\\\/team\\\/\",\"url\":\"https:\\\/\\\/gnostx.com\\\/wp_gnostx\\\/about\\\/team\\\/\",\"name\":\"Matthias G\u00fcnter | IT Projektleitung | Business Analyse\",\"isPartOf\":{\"@id\":\"https:\\\/\\\/gnostx.com\\\/wp_gnostx\\\/#website\"},\"primaryImageOfPage\":{\"@id\":\"https:\\\/\\\/gnostx.com\\\/wp_gnostx\\\/about\\\/team\\\/#primaryimage\"},\"image\":{\"@id\":\"https:\\\/\\\/gnostx.com\\\/wp_gnostx\\\/about\\\/team\\\/#primaryimage\"},\"thumbnailUrl\":\"https:\\\/\\\/gnostx.com\\\/wp_gnostx\\\/wp-content\\\/uploads\\\/2017\\\/09\\\/RWE2334-ausschnitt-2-200x300.jpg\",\"datePublished\":\"2017-09-15T17:40:03+00:00\",\"dateModified\":\"2024-08-21T17:23:32+00:00\",\"description\":\"Matthias G\u00fcnter ist seit mehr als zwanzig Jahren in der Informatik t\u00e4tig. Mehrheitlich war er in den Bereichen Projektleitung, Business Analyse, Organisationsentwicklung t\u00e4tig. Mehr als zehn Jahre leitete er eine gr\u00f6ssere Informatikabteilung mit eigener Softwareentwicklung und eigenem Rechenzentrum.\",\"breadcrumb\":{\"@id\":\"https:\\\/\\\/gnostx.com\\\/wp_gnostx\\\/about\\\/team\\\/#breadcrumb\"},\"inLanguage\":\"de\",\"potentialAction\":[{\"@type\":\"ReadAction\",\"target\":[\"https:\\\/\\\/gnostx.com\\\/wp_gnostx\\\/about\\\/team\\\/\"]}]},{\"@type\":\"ImageObject\",\"inLanguage\":\"de\",\"@id\":\"https:\\\/\\\/gnostx.com\\\/wp_gnostx\\\/about\\\/team\\\/#primaryimage\",\"url\":\"https:\\\/\\\/gnostx.com\\\/wp_gnostx\\\/wp-content\\\/uploads\\\/2017\\\/09\\\/RWE2334-ausschnitt-2.jpg\",\"contentUrl\":\"https:\\\/\\\/gnostx.com\\\/wp_gnostx\\\/wp-content\\\/uploads\\\/2017\\\/09\\\/RWE2334-ausschnitt-2.jpg\",\"width\":1015,\"height\":1525},{\"@type\":\"BreadcrumbList\",\"@id\":\"https:\\\/\\\/gnostx.com\\\/wp_gnostx\\\/about\\\/team\\\/#breadcrumb\",\"itemListElement\":[{\"@type\":\"ListItem\",\"position\":1,\"name\":\"Startseite\",\"item\":\"https:\\\/\\\/gnostx.com\\\/wp_gnostx\\\/\"},{\"@type\":\"ListItem\",\"position\":2,\"name\":\"About\",\"item\":\"https:\\\/\\\/gnostx.com\\\/wp_gnostx\\\/about\\\/\"},{\"@type\":\"ListItem\",\"position\":3,\"name\":\"Team\"}]},{\"@type\":\"WebSite\",\"@id\":\"https:\\\/\\\/gnostx.com\\\/wp_gnostx\\\/#website\",\"url\":\"https:\\\/\\\/gnostx.com\\\/wp_gnostx\\\/\",\"name\":\"GnostX GmbH\",\"description\":\"f\u00fcr IT-Manager\",\"publisher\":{\"@id\":\"https:\\\/\\\/gnostx.com\\\/wp_gnostx\\\/#organization\"},\"potentialAction\":[{\"@type\":\"SearchAction\",\"target\":{\"@type\":\"EntryPoint\",\"urlTemplate\":\"https:\\\/\\\/gnostx.com\\\/wp_gnostx\\\/?s={search_term_string}\"},\"query-input\":{\"@type\":\"PropertyValueSpecification\",\"valueRequired\":true,\"valueName\":\"search_term_string\"}}],\"inLanguage\":\"de\"},{\"@type\":\"Organization\",\"@id\":\"https:\\\/\\\/gnostx.com\\\/wp_gnostx\\\/#organization\",\"name\":\"GnostX GmbH\",\"url\":\"https:\\\/\\\/gnostx.com\\\/wp_gnostx\\\/\",\"logo\":{\"@type\":\"ImageObject\",\"inLanguage\":\"de\",\"@id\":\"https:\\\/\\\/gnostx.com\\\/wp_gnostx\\\/#\\\/schema\\\/logo\\\/image\\\/\",\"url\":\"https:\\\/\\\/gnostx.com\\\/wp_gnostx\\\/wp-content\\\/uploads\\\/2017\\\/08\\\/cropped-logo_beschnitten.png\",\"contentUrl\":\"https:\\\/\\\/gnostx.com\\\/wp_gnostx\\\/wp-content\\\/uploads\\\/2017\\\/08\\\/cropped-logo_beschnitten.png\",\"width\":250,\"height\":250,\"caption\":\"GnostX GmbH\"},\"image\":{\"@id\":\"https:\\\/\\\/gnostx.com\\\/wp_gnostx\\\/#\\\/schema\\\/logo\\\/image\\\/\"}}]}<\/script>\n<!-- \/ Yoast SEO plugin. -->","yoast_head_json":{"title":"Matthias G\u00fcnter | IT Projektleitung | Business Analyse","description":"Matthias G\u00fcnter ist seit mehr als zwanzig Jahren in der Informatik t\u00e4tig. Mehrheitlich war er in den Bereichen Projektleitung, Business Analyse, Organisationsentwicklung t\u00e4tig. Mehr als zehn Jahre leitete er eine gr\u00f6ssere Informatikabteilung mit eigener Softwareentwicklung und eigenem Rechenzentrum.","robots":{"index":"index","follow":"follow","max-snippet":"max-snippet:-1","max-image-preview":"max-image-preview:large","max-video-preview":"max-video-preview:-1"},"canonical":"https:\/\/gnostx.com\/wp_gnostx\/about\/team\/","og_locale":"de_DE","og_type":"article","og_title":"Matthias G\u00fcnter | IT Projektleitung | Business Analyse","og_description":"Matthias G\u00fcnter ist seit mehr als zwanzig Jahren in der Informatik t\u00e4tig. Mehrheitlich war er in den Bereichen Projektleitung, Business Analyse, Organisationsentwicklung t\u00e4tig. Mehr als zehn Jahre leitete er eine gr\u00f6ssere Informatikabteilung mit eigener Softwareentwicklung und eigenem Rechenzentrum.","og_url":"https:\/\/gnostx.com\/wp_gnostx\/about\/team\/","og_site_name":"GnostX GmbH","article_modified_time":"2024-08-21T17:23:32+00:00","og_image":[{"url":"https:\/\/gnostx.com\/wp_gnostx\/wp-content\/uploads\/2017\/09\/RWE2334-ausschnitt-2-200x300.jpg","type":"","width":"","height":""}],"twitter_card":"summary_large_image","twitter_misc":{"Gesch\u00e4tzte Lesezeit":"1\u00a0Minute"},"schema":{"@context":"https:\/\/schema.org","@graph":[{"@type":"WebPage","@id":"https:\/\/gnostx.com\/wp_gnostx\/about\/team\/","url":"https:\/\/gnostx.com\/wp_gnostx\/about\/team\/","name":"Matthias G\u00fcnter | IT Projektleitung | Business Analyse","isPartOf":{"@id":"https:\/\/gnostx.com\/wp_gnostx\/#website"},"primaryImageOfPage":{"@id":"https:\/\/gnostx.com\/wp_gnostx\/about\/team\/#primaryimage"},"image":{"@id":"https:\/\/gnostx.com\/wp_gnostx\/about\/team\/#primaryimage"},"thumbnailUrl":"https:\/\/gnostx.com\/wp_gnostx\/wp-content\/uploads\/2017\/09\/RWE2334-ausschnitt-2-200x300.jpg","datePublished":"2017-09-15T17:40:03+00:00","dateModified":"2024-08-21T17:23:32+00:00","description":"Matthias G\u00fcnter ist seit mehr als zwanzig Jahren in der Informatik t\u00e4tig. Mehrheitlich war er in den Bereichen Projektleitung, Business Analyse, Organisationsentwicklung t\u00e4tig. Mehr als zehn Jahre leitete er eine gr\u00f6ssere Informatikabteilung mit eigener Softwareentwicklung und eigenem Rechenzentrum.","breadcrumb":{"@id":"https:\/\/gnostx.com\/wp_gnostx\/about\/team\/#breadcrumb"},"inLanguage":"de","potentialAction":[{"@type":"ReadAction","target":["https:\/\/gnostx.com\/wp_gnostx\/about\/team\/"]}]},{"@type":"ImageObject","inLanguage":"de","@id":"https:\/\/gnostx.com\/wp_gnostx\/about\/team\/#primaryimage","url":"https:\/\/gnostx.com\/wp_gnostx\/wp-content\/uploads\/2017\/09\/RWE2334-ausschnitt-2.jpg","contentUrl":"https:\/\/gnostx.com\/wp_gnostx\/wp-content\/uploads\/2017\/09\/RWE2334-ausschnitt-2.jpg","width":1015,"height":1525},{"@type":"BreadcrumbList","@id":"https:\/\/gnostx.com\/wp_gnostx\/about\/team\/#breadcrumb","itemListElement":[{"@type":"ListItem","position":1,"name":"Startseite","item":"https:\/\/gnostx.com\/wp_gnostx\/"},{"@type":"ListItem","position":2,"name":"About","item":"https:\/\/gnostx.com\/wp_gnostx\/about\/"},{"@type":"ListItem","position":3,"name":"Team"}]},{"@type":"WebSite","@id":"https:\/\/gnostx.com\/wp_gnostx\/#website","url":"https:\/\/gnostx.com\/wp_gnostx\/","name":"GnostX GmbH","description":"f\u00fcr IT-Manager","publisher":{"@id":"https:\/\/gnostx.com\/wp_gnostx\/#organization"},"potentialAction":[{"@type":"SearchAction","target":{"@type":"EntryPoint","urlTemplate":"https:\/\/gnostx.com\/wp_gnostx\/?s={search_term_string}"},"query-input":{"@type":"PropertyValueSpecification","valueRequired":true,"valueName":"search_term_string"}}],"inLanguage":"de"},{"@type":"Organization","@id":"https:\/\/gnostx.com\/wp_gnostx\/#organization","name":"GnostX GmbH","url":"https:\/\/gnostx.com\/wp_gnostx\/","logo":{"@type":"ImageObject","inLanguage":"de","@id":"https:\/\/gnostx.com\/wp_gnostx\/#\/schema\/logo\/image\/","url":"https:\/\/gnostx.com\/wp_gnostx\/wp-content\/uploads\/2017\/08\/cropped-logo_beschnitten.png","contentUrl":"https:\/\/gnostx.com\/wp_gnostx\/wp-content\/uploads\/2017\/08\/cropped-logo_beschnitten.png","width":250,"height":250,"caption":"GnostX GmbH"},"image":{"@id":"https:\/\/gnostx.com\/wp_gnostx\/#\/schema\/logo\/image\/"}}]}},"_links":{"self":[{"href":"https:\/\/gnostx.com\/wp_gnostx\/wp-json\/wp\/v2\/pages\/133","targetHints":{"allow":["GET"]}}],"collection":[{"href":"https:\/\/gnostx.com\/wp_gnostx\/wp-json\/wp\/v2\/pages"}],"about":[{"href":"https:\/\/gnostx.com\/wp_gnostx\/wp-json\/wp\/v2\/types\/page"}],"author":[{"embeddable":true,"href":"https:\/\/gnostx.com\/wp_gnostx\/wp-json\/wp\/v2\/users\/1"}],"replies":[{"embeddable":true,"href":"https:\/\/gnostx.com\/wp_gnostx\/wp-json\/wp\/v2\/comments?post=133"}],"version-history":[{"count":6,"href":"https:\/\/gnostx.com\/wp_gnostx\/wp-json\/wp\/v2\/pages\/133\/revisions"}],"predecessor-version":[{"id":303,"href":"https:\/\/gnostx.com\/wp_gnostx\/wp-json\/wp\/v2\/pages\/133\/revisions\/303"}],"up":[{"embeddable":true,"href":"https:\/\/gnostx.com\/wp_gnostx\/wp-json\/wp\/v2\/pages\/131"}],"wp:attachment":[{"href":"https:\/\/gnostx.com\/wp_gnostx\/wp-json\/wp\/v2\/media?parent=133"}],"curies":[{"name":"wp","href":"https:\/\/api.w.org\/{rel}","templated":true}]}}