{"id":2,"date":"2017-08-05T12:46:12","date_gmt":"2017-08-05T12:46:12","guid":{"rendered":"https:\/\/gnostx.com\/wp_gnostx\/?page_id=2"},"modified":"2018-02-13T16:14:43","modified_gmt":"2018-02-13T16:14:43","slug":"home","status":"publish","type":"page","link":"https:\/\/gnostx.com\/wp_gnostx\/","title":{"rendered":"Home"},"content":{"rendered":"<p>&nbsp;<\/p>\n<p>Die GnostX GmbH ist in den folgenden Themenfeldern t\u00e4tig:<\/p>\n<h1>Management auf Zeit<\/h1>\n<p>GnostX GmbH bietet die M\u00f6glichkeit f\u00fcr Managment auf Zeit 1-12 Monate namentlich in den Bereichen Informatik und Organisation. So kann zum Beispiel ein \u00dcbergang gew\u00e4hrleistet werden.<\/p>\n<p><img loading=\"lazy\" decoding=\"async\" class=\"alignnone wp-image-227 size-medium\" title=\"Management auf Zeit\" src=\"https:\/\/gnostx.com\/wp_gnostx\/wp-content\/uploads\/2018\/02\/Management-auf-Zeit-300x225.jpg\" alt=\"Management auf Zeit\" width=\"300\" height=\"225\" srcset=\"https:\/\/gnostx.com\/wp_gnostx\/wp-content\/uploads\/2018\/02\/Management-auf-Zeit-300x225.jpg 300w, https:\/\/gnostx.com\/wp_gnostx\/wp-content\/uploads\/2018\/02\/Management-auf-Zeit-768x576.jpg 768w, https:\/\/gnostx.com\/wp_gnostx\/wp-content\/uploads\/2018\/02\/Management-auf-Zeit-1024x768.jpg 1024w, https:\/\/gnostx.com\/wp_gnostx\/wp-content\/uploads\/2018\/02\/Management-auf-Zeit.jpg 1067w\" sizes=\"auto, (max-width: 300px) 100vw, 300px\" \/><\/p>\n<h1>Management Beratung<\/h1>\n<p>Aufgrund von mehr als einem Jahrzehnt Management Erfahrung ist GnostX GmbH in der Lage, in den Bereichen Organisationsentwicklung, IT-Landschaft, IT-Architektur Beratungen anzubieten. Auch Projektportfolios k\u00f6nnen gepr\u00fcft werden.<\/p>\n<p><img loading=\"lazy\" decoding=\"async\" class=\"alignnone wp-image-236 size-medium\" title=\"Management Beratung\" src=\"https:\/\/gnostx.com\/wp_gnostx\/wp-content\/uploads\/2018\/02\/Management_Beratung-300x225.jpg\" alt=\"Management Beratung\" width=\"300\" height=\"225\" srcset=\"https:\/\/gnostx.com\/wp_gnostx\/wp-content\/uploads\/2018\/02\/Management_Beratung-300x225.jpg 300w, https:\/\/gnostx.com\/wp_gnostx\/wp-content\/uploads\/2018\/02\/Management_Beratung-768x576.jpg 768w, https:\/\/gnostx.com\/wp_gnostx\/wp-content\/uploads\/2018\/02\/Management_Beratung-1024x768.jpg 1024w, https:\/\/gnostx.com\/wp_gnostx\/wp-content\/uploads\/2018\/02\/Management_Beratung.jpg 1067w\" sizes=\"auto, (max-width: 300px) 100vw, 300px\" \/><\/p>\n<h1>IT-Beratung<\/h1>\n<p>GnostX GmbH bietet Beratung zu IT-Fragen. Das Ziel ist es, dem Kunden m\u00f6glichst rasch und unkompliziert zu helfen, das Problem einzugrenzen und zu l\u00f6sen.<\/p>\n<p><img loading=\"lazy\" decoding=\"async\" class=\"alignnone wp-image-252 size-medium\" title=\"IT-Beratung\" src=\"https:\/\/gnostx.com\/wp_gnostx\/wp-content\/uploads\/2017\/08\/IT_Beratung-300x225.jpg\" alt=\"IT-Beratung\" width=\"300\" height=\"225\" srcset=\"https:\/\/gnostx.com\/wp_gnostx\/wp-content\/uploads\/2017\/08\/IT_Beratung-300x225.jpg 300w, https:\/\/gnostx.com\/wp_gnostx\/wp-content\/uploads\/2017\/08\/IT_Beratung-768x576.jpg 768w, https:\/\/gnostx.com\/wp_gnostx\/wp-content\/uploads\/2017\/08\/IT_Beratung-1024x768.jpg 1024w, https:\/\/gnostx.com\/wp_gnostx\/wp-content\/uploads\/2017\/08\/IT_Beratung.jpg 1067w\" sizes=\"auto, (max-width: 300px) 100vw, 300px\" \/><\/p>\n<h1>Projektleitung<\/h1>\n<p>GnostX GmbH \u00fcbernimmt Projektleitungen oder ist auch in der Lage, Projekt-Supervision und -Coaching anzubieten.<\/p>\n<p><img loading=\"lazy\" decoding=\"async\" class=\"alignnone wp-image-231 size-medium\" title=\"Projektleitung\" src=\"https:\/\/gnostx.com\/wp_gnostx\/wp-content\/uploads\/2018\/02\/Projekt-Management-300x225.jpg\" alt=\"Projektleitung\" width=\"300\" height=\"225\" srcset=\"https:\/\/gnostx.com\/wp_gnostx\/wp-content\/uploads\/2018\/02\/Projekt-Management-300x225.jpg 300w, https:\/\/gnostx.com\/wp_gnostx\/wp-content\/uploads\/2018\/02\/Projekt-Management-768x576.jpg 768w, https:\/\/gnostx.com\/wp_gnostx\/wp-content\/uploads\/2018\/02\/Projekt-Management-1024x768.jpg 1024w, https:\/\/gnostx.com\/wp_gnostx\/wp-content\/uploads\/2018\/02\/Projekt-Management.jpg 1067w\" sizes=\"auto, (max-width: 300px) 100vw, 300px\" \/><\/p>\n<h1>Business-Analyse<\/h1>\n<p>GnostX GmbH kann in Projekten die Business-Analyse \u00fcbernehmen oder diese reviewen.<\/p>\n<p><img loading=\"lazy\" decoding=\"async\" class=\"alignnone wp-image-232 size-medium\" title=\"Business-Analyse\" src=\"https:\/\/gnostx.com\/wp_gnostx\/wp-content\/uploads\/2018\/02\/Business-Analyse-300x225.jpg\" alt=\"Business-Analyse\" width=\"300\" height=\"225\" srcset=\"https:\/\/gnostx.com\/wp_gnostx\/wp-content\/uploads\/2018\/02\/Business-Analyse-300x225.jpg 300w, https:\/\/gnostx.com\/wp_gnostx\/wp-content\/uploads\/2018\/02\/Business-Analyse-768x576.jpg 768w, https:\/\/gnostx.com\/wp_gnostx\/wp-content\/uploads\/2018\/02\/Business-Analyse-1024x768.jpg 1024w, https:\/\/gnostx.com\/wp_gnostx\/wp-content\/uploads\/2018\/02\/Business-Analyse.jpg 1067w\" sizes=\"auto, (max-width: 300px) 100vw, 300px\" \/><\/p>\n","protected":false},"excerpt":{"rendered":"<p>&nbsp; Die GnostX GmbH ist in den folgenden Themenfeldern t\u00e4tig: Management auf Zeit GnostX GmbH bietet die M\u00f6glichkeit f\u00fcr Managment auf Zeit 1-12 Monate namentlich in den Bereichen Informatik und Organisation. So kann zum Beispiel ein \u00dcbergang gew\u00e4hrleistet werden. Management Beratung Aufgrund von mehr als einem Jahrzehnt Management Erfahrung ist GnostX GmbH in der Lage, &hellip; <\/p>\n<p class=\"link-more\"><a href=\"https:\/\/gnostx.com\/wp_gnostx\/\" class=\"more-link\"><span class=\"screen-reader-text\">\u201eHome\u201c <\/span>weiterlesen<\/a><\/p>\n","protected":false},"author":1,"featured_media":0,"parent":0,"menu_order":0,"comment_status":"closed","ping_status":"open","template":"","meta":{"footnotes":""},"class_list":["post-2","page","type-page","status-publish","hentry"],"yoast_head":"<!-- This site is optimized with the Yoast SEO plugin v27.3 - https:\/\/yoast.com\/product\/yoast-seo-wordpress\/ -->\n<title>GnostX GmbH IT Management Beratung, Projektleitung | Business Analys<\/title>\n<meta name=\"description\" content=\"Die GnostX GmbH ist in den folgenden Themenfeldern t\u00e4tig: IT Management und Beratung. IT Projektleitung und Business Analyse. Aufgrund von mehr als einem Jahrzehnt Managmenterfahrung ist GnostX GmbH in der Lage, in den Bereichen Organisationsentwicklung, IT-Landschaft, IT-Architektur Beratungen anzubieten.\" \/>\n<meta name=\"robots\" content=\"index, follow, max-snippet:-1, max-image-preview:large, max-video-preview:-1\" \/>\n<link rel=\"canonical\" href=\"https:\/\/gnostx.com\/wp_gnostx\/\" \/>\n<meta property=\"og:locale\" content=\"de_DE\" \/>\n<meta property=\"og:type\" content=\"article\" \/>\n<meta property=\"og:title\" content=\"GnostX GmbH IT Management Beratung, Projektleitung | Business Analys\" \/>\n<meta property=\"og:description\" content=\"Die GnostX GmbH ist in den folgenden Themenfeldern t\u00e4tig: IT Management und Beratung. IT Projektleitung und Business Analyse. Aufgrund von mehr als einem Jahrzehnt Managmenterfahrung ist GnostX GmbH in der Lage, in den Bereichen Organisationsentwicklung, IT-Landschaft, IT-Architektur Beratungen anzubieten.\" \/>\n<meta property=\"og:url\" content=\"https:\/\/gnostx.com\/wp_gnostx\/\" \/>\n<meta property=\"og:site_name\" content=\"GnostX GmbH\" \/>\n<meta property=\"article:modified_time\" content=\"2018-02-13T16:14:43+00:00\" \/>\n<meta property=\"og:image\" content=\"https:\/\/gnostx.com\/wp_gnostx\/wp-content\/uploads\/2018\/02\/Management-auf-Zeit-300x225.jpg\" \/>\n<meta name=\"twitter:card\" content=\"summary_large_image\" \/>\n<meta name=\"twitter:label1\" content=\"Gesch\u00e4tzte Lesezeit\" \/>\n\t<meta name=\"twitter:data1\" content=\"1\u00a0Minute\" \/>\n<script type=\"application\/ld+json\" class=\"yoast-schema-graph\">{\"@context\":\"https:\\\/\\\/schema.org\",\"@graph\":[{\"@type\":\"WebPage\",\"@id\":\"https:\\\/\\\/gnostx.com\\\/wp_gnostx\\\/\",\"url\":\"https:\\\/\\\/gnostx.com\\\/wp_gnostx\\\/\",\"name\":\"GnostX GmbH IT Management Beratung, Projektleitung | Business Analys\",\"isPartOf\":{\"@id\":\"https:\\\/\\\/gnostx.com\\\/wp_gnostx\\\/#website\"},\"primaryImageOfPage\":{\"@id\":\"https:\\\/\\\/gnostx.com\\\/wp_gnostx\\\/#primaryimage\"},\"image\":{\"@id\":\"https:\\\/\\\/gnostx.com\\\/wp_gnostx\\\/#primaryimage\"},\"thumbnailUrl\":\"https:\\\/\\\/gnostx.com\\\/wp_gnostx\\\/wp-content\\\/uploads\\\/2018\\\/02\\\/Management-auf-Zeit-300x225.jpg\",\"datePublished\":\"2017-08-05T12:46:12+00:00\",\"dateModified\":\"2018-02-13T16:14:43+00:00\",\"description\":\"Die GnostX GmbH ist in den folgenden Themenfeldern t\u00e4tig: IT Management und Beratung. IT Projektleitung und Business Analyse. Aufgrund von mehr als einem Jahrzehnt Managmenterfahrung ist GnostX GmbH in der Lage, in den Bereichen Organisationsentwicklung, IT-Landschaft, IT-Architektur Beratungen anzubieten.\",\"breadcrumb\":{\"@id\":\"https:\\\/\\\/gnostx.com\\\/wp_gnostx\\\/#breadcrumb\"},\"inLanguage\":\"de\",\"potentialAction\":[{\"@type\":\"ReadAction\",\"target\":[\"https:\\\/\\\/gnostx.com\\\/wp_gnostx\\\/\"]}]},{\"@type\":\"ImageObject\",\"inLanguage\":\"de\",\"@id\":\"https:\\\/\\\/gnostx.com\\\/wp_gnostx\\\/#primaryimage\",\"url\":\"https:\\\/\\\/gnostx.com\\\/wp_gnostx\\\/wp-content\\\/uploads\\\/2018\\\/02\\\/Management-auf-Zeit.jpg\",\"contentUrl\":\"https:\\\/\\\/gnostx.com\\\/wp_gnostx\\\/wp-content\\\/uploads\\\/2018\\\/02\\\/Management-auf-Zeit.jpg\",\"width\":1067,\"height\":800,\"caption\":\"Management auf Zeit\"},{\"@type\":\"BreadcrumbList\",\"@id\":\"https:\\\/\\\/gnostx.com\\\/wp_gnostx\\\/#breadcrumb\",\"itemListElement\":[{\"@type\":\"ListItem\",\"position\":1,\"name\":\"Startseite\",\"item\":\"https:\\\/\\\/gnostx.com\\\/wp_gnostx\\\/\"},{\"@type\":\"ListItem\",\"position\":2,\"name\":\"Home\"}]},{\"@type\":\"WebSite\",\"@id\":\"https:\\\/\\\/gnostx.com\\\/wp_gnostx\\\/#website\",\"url\":\"https:\\\/\\\/gnostx.com\\\/wp_gnostx\\\/\",\"name\":\"GnostX GmbH\",\"description\":\"f\u00fcr IT-Manager\",\"publisher\":{\"@id\":\"https:\\\/\\\/gnostx.com\\\/wp_gnostx\\\/#organization\"},\"potentialAction\":[{\"@type\":\"SearchAction\",\"target\":{\"@type\":\"EntryPoint\",\"urlTemplate\":\"https:\\\/\\\/gnostx.com\\\/wp_gnostx\\\/?s={search_term_string}\"},\"query-input\":{\"@type\":\"PropertyValueSpecification\",\"valueRequired\":true,\"valueName\":\"search_term_string\"}}],\"inLanguage\":\"de\"},{\"@type\":\"Organization\",\"@id\":\"https:\\\/\\\/gnostx.com\\\/wp_gnostx\\\/#organization\",\"name\":\"GnostX GmbH\",\"url\":\"https:\\\/\\\/gnostx.com\\\/wp_gnostx\\\/\",\"logo\":{\"@type\":\"ImageObject\",\"inLanguage\":\"de\",\"@id\":\"https:\\\/\\\/gnostx.com\\\/wp_gnostx\\\/#\\\/schema\\\/logo\\\/image\\\/\",\"url\":\"https:\\\/\\\/gnostx.com\\\/wp_gnostx\\\/wp-content\\\/uploads\\\/2017\\\/08\\\/cropped-logo_beschnitten.png\",\"contentUrl\":\"https:\\\/\\\/gnostx.com\\\/wp_gnostx\\\/wp-content\\\/uploads\\\/2017\\\/08\\\/cropped-logo_beschnitten.png\",\"width\":250,\"height\":250,\"caption\":\"GnostX GmbH\"},\"image\":{\"@id\":\"https:\\\/\\\/gnostx.com\\\/wp_gnostx\\\/#\\\/schema\\\/logo\\\/image\\\/\"}}]}<\/script>\n<!-- \/ Yoast SEO plugin. -->","yoast_head_json":{"title":"GnostX GmbH IT Management Beratung, Projektleitung | Business Analys","description":"Die GnostX GmbH ist in den folgenden Themenfeldern t\u00e4tig: IT Management und Beratung. IT Projektleitung und Business Analyse. Aufgrund von mehr als einem Jahrzehnt Managmenterfahrung ist GnostX GmbH in der Lage, in den Bereichen Organisationsentwicklung, IT-Landschaft, IT-Architektur Beratungen anzubieten.","robots":{"index":"index","follow":"follow","max-snippet":"max-snippet:-1","max-image-preview":"max-image-preview:large","max-video-preview":"max-video-preview:-1"},"canonical":"https:\/\/gnostx.com\/wp_gnostx\/","og_locale":"de_DE","og_type":"article","og_title":"GnostX GmbH IT Management Beratung, Projektleitung | Business Analys","og_description":"Die GnostX GmbH ist in den folgenden Themenfeldern t\u00e4tig: IT Management und Beratung. IT Projektleitung und Business Analyse. Aufgrund von mehr als einem Jahrzehnt Managmenterfahrung ist GnostX GmbH in der Lage, in den Bereichen Organisationsentwicklung, IT-Landschaft, IT-Architektur Beratungen anzubieten.","og_url":"https:\/\/gnostx.com\/wp_gnostx\/","og_site_name":"GnostX GmbH","article_modified_time":"2018-02-13T16:14:43+00:00","og_image":[{"url":"https:\/\/gnostx.com\/wp_gnostx\/wp-content\/uploads\/2018\/02\/Management-auf-Zeit-300x225.jpg","type":"","width":"","height":""}],"twitter_card":"summary_large_image","twitter_misc":{"Gesch\u00e4tzte Lesezeit":"1\u00a0Minute"},"schema":{"@context":"https:\/\/schema.org","@graph":[{"@type":"WebPage","@id":"https:\/\/gnostx.com\/wp_gnostx\/","url":"https:\/\/gnostx.com\/wp_gnostx\/","name":"GnostX GmbH IT Management Beratung, Projektleitung | Business Analys","isPartOf":{"@id":"https:\/\/gnostx.com\/wp_gnostx\/#website"},"primaryImageOfPage":{"@id":"https:\/\/gnostx.com\/wp_gnostx\/#primaryimage"},"image":{"@id":"https:\/\/gnostx.com\/wp_gnostx\/#primaryimage"},"thumbnailUrl":"https:\/\/gnostx.com\/wp_gnostx\/wp-content\/uploads\/2018\/02\/Management-auf-Zeit-300x225.jpg","datePublished":"2017-08-05T12:46:12+00:00","dateModified":"2018-02-13T16:14:43+00:00","description":"Die GnostX GmbH ist in den folgenden Themenfeldern t\u00e4tig: IT Management und Beratung. IT Projektleitung und Business Analyse. Aufgrund von mehr als einem Jahrzehnt Managmenterfahrung ist GnostX GmbH in der Lage, in den Bereichen Organisationsentwicklung, IT-Landschaft, IT-Architektur Beratungen anzubieten.","breadcrumb":{"@id":"https:\/\/gnostx.com\/wp_gnostx\/#breadcrumb"},"inLanguage":"de","potentialAction":[{"@type":"ReadAction","target":["https:\/\/gnostx.com\/wp_gnostx\/"]}]},{"@type":"ImageObject","inLanguage":"de","@id":"https:\/\/gnostx.com\/wp_gnostx\/#primaryimage","url":"https:\/\/gnostx.com\/wp_gnostx\/wp-content\/uploads\/2018\/02\/Management-auf-Zeit.jpg","contentUrl":"https:\/\/gnostx.com\/wp_gnostx\/wp-content\/uploads\/2018\/02\/Management-auf-Zeit.jpg","width":1067,"height":800,"caption":"Management auf Zeit"},{"@type":"BreadcrumbList","@id":"https:\/\/gnostx.com\/wp_gnostx\/#breadcrumb","itemListElement":[{"@type":"ListItem","position":1,"name":"Startseite","item":"https:\/\/gnostx.com\/wp_gnostx\/"},{"@type":"ListItem","position":2,"name":"Home"}]},{"@type":"WebSite","@id":"https:\/\/gnostx.com\/wp_gnostx\/#website","url":"https:\/\/gnostx.com\/wp_gnostx\/","name":"GnostX GmbH","description":"f\u00fcr IT-Manager","publisher":{"@id":"https:\/\/gnostx.com\/wp_gnostx\/#organization"},"potentialAction":[{"@type":"SearchAction","target":{"@type":"EntryPoint","urlTemplate":"https:\/\/gnostx.com\/wp_gnostx\/?s={search_term_string}"},"query-input":{"@type":"PropertyValueSpecification","valueRequired":true,"valueName":"search_term_string"}}],"inLanguage":"de"},{"@type":"Organization","@id":"https:\/\/gnostx.com\/wp_gnostx\/#organization","name":"GnostX GmbH","url":"https:\/\/gnostx.com\/wp_gnostx\/","logo":{"@type":"ImageObject","inLanguage":"de","@id":"https:\/\/gnostx.com\/wp_gnostx\/#\/schema\/logo\/image\/","url":"https:\/\/gnostx.com\/wp_gnostx\/wp-content\/uploads\/2017\/08\/cropped-logo_beschnitten.png","contentUrl":"https:\/\/gnostx.com\/wp_gnostx\/wp-content\/uploads\/2017\/08\/cropped-logo_beschnitten.png","width":250,"height":250,"caption":"GnostX GmbH"},"image":{"@id":"https:\/\/gnostx.com\/wp_gnostx\/#\/schema\/logo\/image\/"}}]}},"_links":{"self":[{"href":"https:\/\/gnostx.com\/wp_gnostx\/wp-json\/wp\/v2\/pages\/2","targetHints":{"allow":["GET"]}}],"collection":[{"href":"https:\/\/gnostx.com\/wp_gnostx\/wp-json\/wp\/v2\/pages"}],"about":[{"href":"https:\/\/gnostx.com\/wp_gnostx\/wp-json\/wp\/v2\/types\/page"}],"author":[{"embeddable":true,"href":"https:\/\/gnostx.com\/wp_gnostx\/wp-json\/wp\/v2\/users\/1"}],"replies":[{"embeddable":true,"href":"https:\/\/gnostx.com\/wp_gnostx\/wp-json\/wp\/v2\/comments?post=2"}],"version-history":[{"count":18,"href":"https:\/\/gnostx.com\/wp_gnostx\/wp-json\/wp\/v2\/pages\/2\/revisions"}],"predecessor-version":[{"id":253,"href":"https:\/\/gnostx.com\/wp_gnostx\/wp-json\/wp\/v2\/pages\/2\/revisions\/253"}],"wp:attachment":[{"href":"https:\/\/gnostx.com\/wp_gnostx\/wp-json\/wp\/v2\/media?parent=2"}],"curies":[{"name":"wp","href":"https:\/\/api.w.org\/{rel}","templated":true}]}}